x(m) = m**3 + 9*m**2 + m - 2. Let f be x(-9). Let v = f - b. Calculate the remainder when 30 is divided by v.
2
Suppose -14*a - 12 = -68. Let r(m) = 4*m**2 - 5*m + 3. Calculate the remainder when r(a) is divided by 25.
22
Let g = 3 - -333. Suppose -6*n + g + 144 = 0. Calculate the remainder when n is divided by 25.
5
Let s(p) = -26*p - 291. Let q be s(-29). Let a = q - 321. What is the remainder when a is divided by 15?
7
Let a(n) = -2*n**2 + 2*n - 29. Let f be a(13). Let r = -253 - f. Calculate the remainder when 435 is divided by r.
83
Let q = -316 + 522. Let b = q + -102. Calculate the remainder when b is divided by 37.
30
Calculate the remainder when 956/(((-2)/26)/((-141)/1833)) is divided by 10.
6
Let y(l) = 163*l - 1629. What is the remainder when y(44) is divided by 36?
35
Suppose -5*r + 3*r = 16. Let a = -2587 - -2606. Calculate the remainder when ((-292)/(-6))/(r/(-12)) is divided by a.
16
Let w = 4344 - 4119. Calculate the remainder when w is divided by 89.
47
What is the remainder when (7 - (2 + 12)) + 258 is divided by 82?
5
Let u = -20 + 33. Suppose 5*j - 17 = 4*w - 3*w, 5*j + w - u = 0. Suppose -20 - 8 = -c + j*f, 3*c - 2*f = 49. What is the remainder when 22 is divided by c?
9
Suppose -25 = 5*n, -5*c + 12*n + 30 = 8*n. Suppose 152 = 4*v + 56. Calculate the remainder when (-324)/(-6 - -4) - (-1 - c) is divided by v.
21
Suppose -10672 = f + 3*f - 19240. Calculate the remainder when f is divided by 16.
14
Suppose 52 = 2*b + j, 4*j + 40 = 2*b - j. Let a be 179 + 4 + 5 + -2. Let o = a + -177. Calculate the remainder when b is divided by o.
7
Suppose 2*w + 5*y = 21983, -5*w + 78*y = 81*y - 54967. Calculate the remainder when w is divided by 200.
194
Suppose 6 = -3*b, -3*k + 91 = -4*b + 14. Let z be 8 - 8 - (-18)/2. Suppose 0*h + 3*h + z = 0, 3*g + 4*h = 186. What is the remainder when g is divided by k?
20
Let u = -29 - 26. Let c = -55 - u. Suppose c = 5*l - 5*m - 130, 2*m - 6 = -l - 2*m. What is the remainder when 109 is divided by l?
21
Suppose -3*g + 2*g = -22. Suppose 9*u = -1555 + 5767. Suppose -12*k = -300 - u. Calculate the remainder when k is divided by g.
20
Let p(w) = w**3 - 52*w**2 - 105*w - 75. What is the remainder when 964 is divided by p(54)?
7
Suppose -4*j = -2*b + 46 - 18, -4*b + 2 = j. What is the remainder when 315 is divided by b?
1
Let o(r) = 33*r**2 - 52*r + 397. What is the remainder when o(6) is divided by 14?
13
Let s be (-1)/(-2) - (-45262)/(-28). What is the remainder when s/(-64)*(-1 + 5) is divided by 53?
48
Let t(j) = -j - 5. Let c be t(-7). Suppose m + 24 = 42. Let h = m - c. What is the remainder when h is divided by 11?
5
Suppose 3*b - 7*b + 68 = 0. Suppose -69 = -3*y - 63. Suppose y*x + 25 + 2 = 3*m, -2*m = -5*x - 18. What is the remainder when b is divided by m?
8
Suppose -5*g = -2*b + 246, 3*b = -4*g - 73 + 396. Suppose 0 = -58*s + 2568 - 911 + 2287. What is the remainder when b is divided by s?
45
Suppose -3*p - 12 = -102. Suppose 2*l - 338 = 1078. Suppose 9*x = 3*x + l. Calculate the remainder when x is divided by p.
28
Suppose -8*y = 5*w - 11*y - 527, -3*w = -5*y - 313. What is the remainder when 1907 is divided by w?
105
What is the remainder when 8279 is divided by -3*5/(-2)*26/(-195)*-6?
5
Let x be 1/(13/14 - 57/133). What is the remainder when 129 is divided by (x + -5)*((-396)/27 + 6)?
25
Let v(w) = w**2 + w - 13. Suppose 30 = 5*t - 0. Calculate the remainder when v(-7) is divided by t.
5
Suppose 8 = -v, 0 = -5*p + 30*v - 35*v + 535. Calculate the remainder when 712 is divided by p.
22
Let t = 875 + -824. What is the remainder when 18/(-117) - 7934/(-26) is divided by t?
50
Suppose -626 - 468 = -112*v + 1818. Let t = 47 - 39. Calculate the remainder when v is divided by t.
2
Suppose -3245 = -4*w + 5*f - 303, -3678 = -5*w + 6*f. What is the remainder when w is divided by 20?
18
Suppose -17 = 4*j + 3, 0 = 5*b - 4*j - 185. What is the remainder when b is divided by (8 - 2 - 15)/(-1)?
6
Let j be ((-11)/(66/(-57)))/(1/2). Let s(y) = 4*y - 47. What is the remainder when 36 is divided by s(j)?
7
Suppose 3756 = 17*l - 52. Let c(d) = -24*d - 580. Calculate the remainder when l is divided by c(-26).
4
Let g(p) = 4*p**2 + 6*p - 33. What is the remainder when g(-10) is divided by 74?
11
Let u = -3655 - -3815. What is the remainder when 195 is divided by u?
35
Suppose 19*l = 206 - 32 + 54. Suppose 0 = -2*f + 34 + 138. Let y = -31 + f. What is the remainder when y is divided by l?
7
Calculate the remainder when 2262 is divided by 39/((-4)/(336/(-63))).
26
What is the remainder when 448 is divided by -88*(-5 - (-363)/88)?
63
Let c be -2 + -30*2 + 6. Let k = c + 78. Calculate the remainder when 43 is divided by k.
21
Suppose -675*l + 64022 = -641*l. Calculate the remainder when l is divided by 23.
20
Suppose 17517 = 97*f - 9061. What is the remainder when f is divided by 87?
13
Let z = -111 - -365. Let k = 313 - z. What is the remainder when 290 is divided by k?
54
Let r = -193 - -182. Suppose -4*v = -2*v - 4*k - 22, -3*v + 54 = k. What is the remainder when v is divided by (r - -13)*(-5)/2 - -12?
3
Suppose 2*j - p - 4383 = 0, 0 = 2*j + p + 393 - 4774. Calculate the remainder when j is divided by 137.
136
Let j(i) = 27*i - 489. Suppose 4*m - 338 = 3*y, 0 = 3*m - 2*m - 3*y - 89. Calculate the remainder when j(27) is divided by m.
74
What is the remainder when 17082/73 + -4 + 2 is divided by 3?
1
Suppose 0 = -7*g - 84 + 406. Calculate the remainder when g is divided by 3.
1
Suppose 2*x - x = 4, 35 = 3*t + 5*x. Suppose -t*u - 6 = -256. What is the remainder when u is divided by 20?
10
Let u(h) = h**3 - 12*h**2 - 19*h - 9. Let n be u(14). Let r = n - 82. Suppose -3*t - w = -49, 3*t - 3*w - 10 = r. What is the remainder when 45 is divided by t?
13
Let x(a) = 3*a**3 - 3*a**2 + 25*a - 32. Let o(s) = -2*s**3 + s**2 - 12*s + 17. Let w(i) = 5*o(i) + 3*x(i). Calculate the remainder when 52 is divided by w(-7).
21
Suppose 0 = -s + 4*v + 56, -4*s + 5*v = s - 235. Let q(f) = -4*f**2 - 229*f + 24. What is the remainder when q(-57) is divided by s?
37
Suppose 0 = 1403*w - 1748*w + 57615. Let v = 3 - -14. Calculate the remainder when w is divided by v.
14
Let a = 60 - 18. Calculate the remainder when a is divided by (0 + 35/20)/((-518)/(-2960)).
2
Let p be -1420 + (2/(-6))/(15/(-45)). Let x = p - -2148. What is the remainder when x is divided by 17?
15
Let v = -282 + 549. Suppose 0 = 5*j + 3*y - 2*y - v, -96 = -2*j + 5*y. Calculate the remainder when j is divided by (28/(-20))/(1/(-10)).
11
Let a = 570 - 395. Suppose 2*o + 9 - 1 = 0, 3*n - a = 4*o. Calculate the remainder when 368 is divided by n.
50
Suppose 167 = 5*j + 4*g - 209, 2*g = 8. What is the remainder when 357 is divided by j?
69
Let m be (4/(-4))/(4 - 185/45). Let f(b) = b**3 - 9*b**2 + 6*b - 11. What is the remainder when f(m) is divided by 23?
20
Let u(m) = -2*m - 32. Let s be u(-22). Suppose 2*y - 40 - s = -2*h, 3*h - 6 = 0. Calculate the remainder when 59 is divided by (45/(-12))/(2*(-3)/y).
14
Suppose 20 = q - 4*x, -q + 5*x + 13 + 12 = 0. Suppose -4*v + 2 = -18, q = 4*s + v - 757. What is the remainder when s is divided by 7?
6
Suppose 544 = 715*w - 699*w. What is the remainder when w is divided by 34?
0
Suppose 0 = -4*d + m - 2793, -2*m + 7*m = -3*d - 2112. Let v = -689 - d. What is the remainder when (-1)/(((-2)/(-48))/(-1)) is divided by v?
4
Suppose i = 6*i - 2*q - 971, -396 = -2*i - 3*q. Suppose -4*z + i = -z. What is the remainder when z is divided by ((-397)/6*1 - (-83)/498)*(-5)/10?
32
Let y(x) = -5 + 4 + 10*x**2 + x - 7*x**2 + 8. Let g(m) = -3*m**2 - 83*m + 48. Calculate the remainder when y(3) is divided by g(-28).
17
Suppose -8*c - 141*c = -1788. What is the remainder when 81 is divided by c?
9
Suppose 3*x = -8*f + 3069, 3*f + x + 672 = 1823. Calculate the remainder when f is divided by 19.
4
Let i = -54 + 117. Let l = -62 + i. What is the remainder when 78 is divided by 480/30 + (l - (0 - -1))?
14
Let r(y) = -y**3 - 6*y**2 - 8*y + 6. Let x be r(-6). Let p = x - 7. Calculate the remainder when p is divided by ((-680)/(-323) - 2) + (-6 - (-2175)/95).
13
Let t = 40 + -5. Let o(i) = -61*i + 457. What is the remainder when t is divided by o(7)?
5
Suppose -84 = -j + 3*i, -5*i = -3*j - i + 262. Let x(s) = -s**3 - 24*s**2 + 217*s + 24. What is the 